844?
True
Is 5991 a factor of 1864192560?
False
Is 24 a factor of 139134216?
True
Is 2386 a factor of 956484164?
False
Does 248 divide 27029051?
False
Is 824 a factor of 21095874?
False
Is 8394104 a multiple of 49?
False
Is 67557028 a multiple of 77?
True
Is 81 a factor of 884179314?
True
Is 393 a factor of 71877271?
False
Is 1099917742 a multiple of 902?
True
Is 40 a factor of 30116160?
True
Does 4323 divide 346138287?
True
Is 6595 a factor of 1107551110?
True
Is 8108826 a multiple of 959?
False
Is 2539 a factor of 85328471?
False
Is 73116 a multiple of 4?
True
Is 92157726 a multiple of 4197?
True
Is 2299630259 a multiple of 2819?
True
Does 181 divide 56629470?
True
Is 213 a factor of 66820656?
True
Does 34 divide 985689021?
False
Is 1304889 a multiple of 408?
False
Does 129 divide 604115127?
True
Does 3588 divide 915783180?
True
Is 3020 a factor of 95277258?
False
Is 4 a factor of 8813622?
False
Does 24 divide 10324104?
True
Is 60151020 a multiple of 30?
True
Is 9 a factor of 21946125?
False
Is 87468643 a multiple of 422?
False
Is 6 a factor of 1812083?
False
Is 5957 a factor of 403836944?
True
Does 17 divide 1040561123?
False
Is 63 a factor of 20496672?
True
Is 136 a factor of 70895440?
True
Does 198 divide 60677856?
False
Does 1325 divide 390689500?
True
Is 1062585907 a multiple of 41?
False
Is 2590 a factor of 3066131534?
False
Does 180 divide 4528567?
False
Is 501142111 a multiple of 36?
False
Is 90 a factor of 97305710?
False
Does 446 divide 6085276628?
True
Does 10 divide 3579751952?
False
Is 528 a factor of 45500928?
True
Is 1353 a factor of 5106149502?
False
Is 58 a factor of 59027623?
False
Does 885 divide 60155220?
True
Is 2371 a factor of 87834067?
False
Is 70467760 a multiple of 119?
False
Is 1606 a factor of 33019780?
False
Does 623 divide 94084672?
False
Is 49 a factor of 1387558235?
True
Does 1589 divide 46728639?
False
Does 955 divide 183326786?
False
Is 27 a factor of 22968336?
False
Is 18682445 a multiple of 1341?
False
Does 239 divide 1202887?
True
Is 77944768 a multiple of 106?
True
Is 65 a factor of 54811571?
False
Does 13 divide 1268722?
True
Is 2846 a factor of 116765688?
True
Does 6 divide 62281854?
True
Is 42 a factor of 852555298?
False
Does 324 divide 27102570?
False
Does 2525 divide 2526174814?
False
Is 130329024 a multiple of 1568?
True
Is 6691749691 a multiple of 13?
False
Does 223 divide 181598266?
True
Does 1897 divide 82731845?
False
Is 565 a factor of 8542235?
True
Is 8158354 a multiple of 229?
True
Does 1759 divide 118604037?
False
Does 5040 divide 235715582?
False
Is 6462144 a multiple of 1248?
True
Is 31076752 a multiple of 47?
False
Is 226110709 a multiple of 25?
False
Does 1459 divide 781555661?
True
Is 356173285 a multiple of 299?
True
Does 181 divide 74053254?
True
Is 6 a factor of 48626389?
False
Is 32760418 a multiple of 147?
False
Is 1747 a factor of 20018873?
True
Does 76 divide 147136?
True
Does 18 divide 339602599?
False
Is 615706087 a multiple of 3?
False
Is 60412950 a multiple of 117?
True
Is 16 a factor of 133253392?
True
Is 870 a factor of 2491933170?
True
Is 115 a factor of 1694973168?
False
Is 419587217 a multiple of 1669?
False
Is 137073835 a multiple of 1922?
False
Does 99 divide 322244642?
False
Is 999 a factor of 34478487?
True
Is 13 a factor of 345451834?
True
Is 99919428 a multiple of 9?
False
Is 33 a factor of 165825?
True
Is 155665941 a multiple of 8?
False
Is 759 a factor of 220988922?
True
Does 4781 divide 587549335?
False
Is 1696331000 a multiple of 83?
False
Is 35 a factor of 1288721?
False
Is 758 a factor of 2581130988?
True
Is 228 a factor of 4578468?
True
Is 166 a factor of 106742650?
False
Is 19573236 a multiple of 36?
True
Is 136208662 a multiple of 28?
False
Is 119 a factor of 74819703?
True
Does 22 divide 190086289?
False
Does 1023 divide 7505751?
True
Is 5405 a factor of 197617610?
True
Is 611 a factor of 3843190?
True
Is 289 a factor of 23995670?
True
Does 5 divide 240765?
True
Is 9840936 a multiple of 84?
True
Does 12 divide 6269737?
False
Is 219 a factor of 554309148?
True
Is 1784 a factor of 1531985503?
False
Is 3657 a factor of 52573032?
True
Does 82 divide 1139733580?
True
Is 390 a factor of 249136195?
False
Is 5888503 a multiple of 848?
False
Does 7 divide 331950080?
True
Is 55 a factor of 73167284?
False
Does 5 divide 5849040?
True
Is 15 a factor of 4887941895?
True
Does 12 divide 604831735?
False
Is 10 a factor of 518360711?
False
Does 2729 divide 171261124?
True
Is 6542530 a multiple of 12?
False
Does 11 divide 100760?
True
Is 4 a factor of 16148220?
True
Is 106993824 a multiple of 56?
True
Is 345 a factor of 94439695?
False
Is 1108150114 a multiple of 5406?
False
Does 2798 divide 1422559160?
True
Is 47509610 a multiple of 34?
False
Does 44 divide 139924238?
False
Does 29 divide 14271672?
False
Is 44504895 a multiple of 2703?
True
Does 30 divide 2799270?
True
Does 493 divide 61242266?
False
Is 6787228056 a multiple of 483?
True
Does 308 divide 9754668?
True
Does 2197 divide 233432907?
False
Does 4 divide 53479899?
False
Is 173 a factor of 332353241?
True
Is 3 a factor of 39873906?
True
Is 161663442 a multiple of 14?
False
Is 204 a factor of 402261285?
False
Is 286 a factor of 331967455?
False
Is 70801575 a multiple of 396?
False
Does 129 divide 88325832?
False
Is 276 a factor of 33855264?
True
Is 29198897 a multiple of 85?
False
Does 2079 divide 943018243?
False
Does 17 divide 295929701?
False
Does 10 divide 3044551440?
True
Is 19546735 a multiple of 294?
False
Does 40 divide 43933160?
True
Is 170 a factor of 32105127?
False
Is 65890585 a multiple of 933?
False
Is 72 a factor of 56960877?
False
Does 18 divide 411787564?
False
Is 350718984 a multiple of 2904?
True
Does 5 divide 12402008?
False
Is 71 a factor of 46494593?
False
Is 12553639 a multiple of 109?
True
Does 12 divide 275335921?
False
Is 25392012 a multiple of 149?
False
Does 29 divide 35423567?
False
Is 5 a factor of 155177063?
False
Is 44 a factor of 736306120?
True
Does 1634 divide 1935798970?
False
Is 65 a factor of 2937587969?
False
Is 311876435 a multiple of 9?
False
Is 17788947 a multiple of 5?
False
Is 736 a factor of 31017984?
True
Is 2941 a factor of 1975952164?
False
Does 4084 divide 397806104?
True
Is 1940 a factor of 1526333800?
True
Is 42 a factor of 135419340?
True
Is 220 a factor of 40263898?
False
Does 37 divide 773493699?
False
Is 1177 a factor of 255639936?
False
Does 171 divide 303510807?
True
Does 1114 divide 3511030485?
False
Does 8890 divide 1013620020?
True
Is 2033768041 a multiple of 6430?
False
Does 814 divide 872839993?
False
Does 8 divide 534302704?
True
Is 372678 a multiple of 74?
False
Is 449 a factor of 30779651?
False
Is 2312 a factor of 101919032?
False
Is 17527775 a multiple of 8?
False
Is 214 a factor of 80734068?
True
Is 446371446 a multiple of 511?
False
Is 1899058158 a multiple of 46?
True
Is 793798586 a multiple of 112?
False
Is 2191374 a multiple of 486?
True
Is 451577512 a multiple of 2041?
False
Is 287094603 a multiple of 339?
False
Is 569 a factor of 47523707?
False
Is 496 a factor of 152349376?
True
Is 18784696 a multiple of 623?
True
Does 1145 divide 51258529?
False
Is 145405668 a multiple of 4926?
True
Is 18 a factor of 133385551?
False
Does 497 divide 165779817?
True
Is 10619344 a multiple of 2717?
False
Is 17972977 a multiple of 11?
True
Is 28 a factor of 169306338?
False
Is 727 a factor of 47258540?
False
Is 108538478 a multiple of 262?
True
Is 297755883 a multiple of 4559?
False
Does 3 divide 361773?
True
Is 770683347 a multiple of 436?
False
Is 4085193 a multiple of 4?
False
Is 92498971 a multiple of 19?
False
Is 3290 a factor of 143038038?
False
Does 184 divide 45372744?
True
Is 157 a factor of 136072630?
False
Is 2080 a factor of 154713062?
False
Is 25295070 a multiple of 59?
True
Is 1121743304 a multiple of 30?
False
Is 35905668 a multiple of 123?
True
Does 1513 divide 1647183431?
True
Is 138 a factor of 1974504?
True
Is 552648923 a multiple of 10177?
False
Is 48 a factor of 279152615?
False
Does 3857 divide 1434570481?
False
Is 925 a factor of 1260674175?
True
Is 54353369 a multiple of 13?
False
Is 245 a factor of 176942457?
False
Is 2629 a factor of 535995262?
True
Is 36189881 a multiple of 91?
True
Does 4745 divide 297824670?
True
Is 28 a fa